{"id":8,"date":"2023-10-19T08:09:41","date_gmt":"2023-10-19T06:09:41","guid":{"rendered":"https:\/\/www.vspischelsdorf.at\/WordPress\/?page_id=8"},"modified":"2024-01-12T12:45:26","modified_gmt":"2024-01-12T11:45:26","slug":"home","status":"publish","type":"page","link":"https:\/\/www.vspischelsdorf.at\/WordPress\/","title":{"rendered":"HOME"},"content":{"rendered":"\n<div style=\"height:30px\" aria-hidden=\"true\" class=\"wp-block-spacer\"><\/div>\n\n\n\n<figure class=\"wp-block-gallery has-nested-images columns-default wp-block-gallery-1 is-layout-flex wp-block-gallery-is-layout-flex\">\n<figure class=\"wp-block-image size-full\"><img loading=\"lazy\" decoding=\"async\" width=\"434\" height=\"300\" data-id=\"77\" src=\"https:\/\/www.vspischelsdorf.at\/WordPress\/wp-content\/uploads\/2023\/10\/Schafler_VS_P_322-4242fe98.jpg\" alt=\"\" class=\"wp-image-77\" srcset=\"https:\/\/www.vspischelsdorf.at\/WordPress\/wp-content\/uploads\/2023\/10\/Schafler_VS_P_322-4242fe98.jpg 434w, https:\/\/www.vspischelsdorf.at\/WordPress\/wp-content\/uploads\/2023\/10\/Schafler_VS_P_322-4242fe98-300x207.jpg 300w\" sizes=\"auto, (max-width: 434px) 100vw, 434px\" \/><\/figure>\n\n\n<div class=\"wp-block-image\">\n<figure class=\"aligncenter size-large\"><img loading=\"lazy\" decoding=\"async\" width=\"196\" height=\"300\" data-id=\"76\" src=\"https:\/\/www.vspischelsdorf.at\/WordPress\/wp-content\/uploads\/2023\/10\/Schafler_VS_P_297-30f11910.jpg\" alt=\"\" class=\"wp-image-76\"\/><\/figure>\n<\/div>\n\n\n<figure class=\"wp-block-image size-large\"><img loading=\"lazy\" decoding=\"async\" width=\"434\" height=\"300\" data-id=\"75\" src=\"https:\/\/www.vspischelsdorf.at\/WordPress\/wp-content\/uploads\/2023\/10\/Schafler_VS_P_095-0c270bef.jpg\" alt=\"\" class=\"wp-image-75\" srcset=\"https:\/\/www.vspischelsdorf.at\/WordPress\/wp-content\/uploads\/2023\/10\/Schafler_VS_P_095-0c270bef.jpg 434w, https:\/\/www.vspischelsdorf.at\/WordPress\/wp-content\/uploads\/2023\/10\/Schafler_VS_P_095-0c270bef-300x207.jpg 300w\" sizes=\"auto, (max-width: 434px) 100vw, 434px\" \/><\/figure>\n<\/figure>\n\n\n\n<div style=\"height:60px\" aria-hidden=\"true\" class=\"wp-block-spacer\"><\/div>\n\n\n\n<div class=\"wp-block-columns is-layout-flex wp-container-core-columns-is-layout-9d6595d7 wp-block-columns-is-layout-flex\">\n<div class=\"wp-block-column is-layout-flow wp-block-column-is-layout-flow\">\n<h2 class=\"wp-block-heading\">Kontakt<\/h2>\n\n\n\n<p>VS Pischelsdorf<br>8212 Pischelsdorf 19<br>Tel.: <a href=\"tel:+4331135171\">+43 (0)3113 5171<\/a><br>Mail: <a href=\"mailto:vs.pischelsdorf@schule.at\">vs.pischelsdorf@schule.at<\/a><\/p>\n\n\n\n<div style=\"height:20px\" aria-hidden=\"true\" class=\"wp-block-spacer\"><\/div>\n\n\n\n<figure class=\"wp-block-image size-full\"><a class=\"\" href=\"https:\/\/www.vspischelsdorf.at\/WordPress\/schulordnung\/\"><img loading=\"lazy\" decoding=\"async\" width=\"150\" height=\"84\" src=\"https:\/\/www.vspischelsdorf.at\/WordPress\/wp-content\/uploads\/2023\/11\/erasmus-plus-vector-logo-d16c6e21.png\" alt=\"\" class=\"wp-image-545\"\/><\/a><\/figure>\n\n\n\n<div style=\"height:18px\" aria-hidden=\"true\" class=\"wp-block-spacer\"><\/div>\n\n\n\n<div class=\"wp-block-columns is-layout-flex wp-container-core-columns-is-layout-9d6595d7 wp-block-columns-is-layout-flex\">\n<div class=\"wp-block-column is-layout-flow wp-block-column-is-layout-flow\">\n<figure class=\"wp-block-image size-full is-resized\"><img loading=\"lazy\" decoding=\"async\" width=\"591\" height=\"591\" src=\"https:\/\/www.vspischelsdorf.at\/WordPress\/wp-content\/uploads\/2024\/01\/image.png\" alt=\"\" class=\"wp-image-851\" style=\"width:150px\" srcset=\"https:\/\/www.vspischelsdorf.at\/WordPress\/wp-content\/uploads\/2024\/01\/image.png 591w, https:\/\/www.vspischelsdorf.at\/WordPress\/wp-content\/uploads\/2024\/01\/image-300x300.png 300w, https:\/\/www.vspischelsdorf.at\/WordPress\/wp-content\/uploads\/2024\/01\/image-150x150.png 150w, https:\/\/www.vspischelsdorf.at\/WordPress\/wp-content\/uploads\/2024\/01\/image-75x75.png 75w\" sizes=\"auto, (max-width: 591px) 100vw, 591px\" \/><\/figure>\n<\/div>\n\n\n\n<div class=\"wp-block-column is-layout-flow wp-block-column-is-layout-flow\">\n<figure class=\"wp-block-image size-large is-resized\"><img loading=\"lazy\" decoding=\"async\" width=\"1024\" height=\"1024\" src=\"https:\/\/www.vspischelsdorf.at\/WordPress\/wp-content\/uploads\/2024\/01\/eEducation_Expert_Schule-1024x1024.png\" alt=\"\" class=\"wp-image-852\" style=\"width:150px\" srcset=\"https:\/\/www.vspischelsdorf.at\/WordPress\/wp-content\/uploads\/2024\/01\/eEducation_Expert_Schule-1024x1024.png 1024w, https:\/\/www.vspischelsdorf.at\/WordPress\/wp-content\/uploads\/2024\/01\/eEducation_Expert_Schule-300x300.png 300w, https:\/\/www.vspischelsdorf.at\/WordPress\/wp-content\/uploads\/2024\/01\/eEducation_Expert_Schule-150x150.png 150w, https:\/\/www.vspischelsdorf.at\/WordPress\/wp-content\/uploads\/2024\/01\/eEducation_Expert_Schule-768x767.png 768w, https:\/\/www.vspischelsdorf.at\/WordPress\/wp-content\/uploads\/2024\/01\/eEducation_Expert_Schule-1536x1534.png 1536w, https:\/\/www.vspischelsdorf.at\/WordPress\/wp-content\/uploads\/2024\/01\/eEducation_Expert_Schule-1140x1139.png 1140w, https:\/\/www.vspischelsdorf.at\/WordPress\/wp-content\/uploads\/2024\/01\/eEducation_Expert_Schule-75x75.png 75w, https:\/\/www.vspischelsdorf.at\/WordPress\/wp-content\/uploads\/2024\/01\/eEducation_Expert_Schule.png 2000w\" sizes=\"auto, (max-width: 1024px) 100vw, 1024px\" \/><\/figure>\n<\/div>\n<\/div>\n<\/div>\n\n\n\n<div class=\"wp-block-column is-layout-flow wp-block-column-is-layout-flow\">\n<h2 class=\"wp-block-heading has-text-align-left\">Schulpsychologische Beratung<\/h2>\n\n\n\n<div style=\"height:20px\" aria-hidden=\"true\" class=\"wp-block-spacer\"><\/div>\n\n\n\n<div class=\"wp-block-file\"><a id=\"wp-block-file--media-d4257c37-d26e-4856-bdd8-613c99683e32\" href=\"https:\/\/www.vspischelsdorf.at\/WordPress\/wp-content\/uploads\/2023\/10\/Folder_Beratungsstelle_OSTSTMK.pdf\">Folder_Beratungsstelle_OSTSTMK<\/a><\/div>\n\n\n\n<p><a href=\"https:\/\/www.schulpsychologie.at\" target=\"_blank\" rel=\"noreferrer noopener\">https:\/\/www.schulpsychologie.at<\/a><\/p>\n\n\n\n<p>Telefonhotline (0800 21 13 20)&nbsp;zur psychologischen Beratung f\u00fcr Sch\u00fclerInnen, Lehrkr\u00e4fte und Erziehungsberechtigte.<\/p>\n<\/div>\n<\/div>\n","protected":false},"excerpt":{"rendered":"<p>Kontakt VS Pischelsdorf8212 Pischelsdorf 19Tel.: +43 (0)3113 5171Mail: vs.pischelsdorf@schule.at Schulpsychologische Beratung https:\/\/www.schulpsychologie.at Telefonhotline (0800 21 13 20)&nbsp;zur psychologischen Beratung f\u00fcr Sch\u00fclerInnen, Lehrkr\u00e4fte und Erziehungsberechtigte.<\/p>\n","protected":false},"author":1,"featured_media":0,"parent":0,"menu_order":0,"comment_status":"closed","ping_status":"closed","template":"","meta":{"ngg_post_thumbnail":0,"_mc_calendar":[],"footnotes":""},"class_list":["post-8","page","type-page","status-publish","hentry"],"_links":{"self":[{"href":"https:\/\/www.vspischelsdorf.at\/WordPress\/wp-json\/wp\/v2\/pages\/8","targetHints":{"allow":["GET"]}}],"collection":[{"href":"https:\/\/www.vspischelsdorf.at\/WordPress\/wp-json\/wp\/v2\/pages"}],"about":[{"href":"https:\/\/www.vspischelsdorf.at\/WordPress\/wp-json\/wp\/v2\/types\/page"}],"author":[{"embeddable":true,"href":"https:\/\/www.vspischelsdorf.at\/WordPress\/wp-json\/wp\/v2\/users\/1"}],"replies":[{"embeddable":true,"href":"https:\/\/www.vspischelsdorf.at\/WordPress\/wp-json\/wp\/v2\/comments?post=8"}],"version-history":[{"count":29,"href":"https:\/\/www.vspischelsdorf.at\/WordPress\/wp-json\/wp\/v2\/pages\/8\/revisions"}],"predecessor-version":[{"id":951,"href":"https:\/\/www.vspischelsdorf.at\/WordPress\/wp-json\/wp\/v2\/pages\/8\/revisions\/951"}],"wp:attachment":[{"href":"https:\/\/www.vspischelsdorf.at\/WordPress\/wp-json\/wp\/v2\/media?parent=8"}],"curies":[{"name":"wp","href":"https:\/\/api.w.org\/{rel}","templated":true}]}}